8831.
23, 4297
List the prime factors of 23751563.
11, 2159233
List the prime factors of 2126676.
2, 3, 177223
List the prime factors of 873684.
2, 3, 7, 3467
What are the prime factors of 16659834?
2, 3, 31, 43, 2083
What are the prime factors of 1151896?
2, 137, 1051
List the prime factors of 71634.
2, 3, 11939
What are the prime factors of 664797?
3, 7, 31657
List the prime factors of 1975403.
137, 14419
What are the prime factors of 1028458?
2, 514229
What are the prime factors of 598450?
2, 5, 11969
What are the prime factors of 341418?
2, 3, 7, 11, 739
List the prime factors of 331208.
2, 19, 2179
List the prime factors of 3672.
2, 3, 17
List the prime factors of 570327.
3, 151, 1259
List the prime factors of 1463926.
2, 173, 4231
What are the prime factors of 307568?
2, 47, 409
List the prime factors of 5391649.
19, 283771
List the prime factors of 6682789.
29, 47, 4903
What are the prime factors of 1307905?
5, 261581
What are the prime factors of 848804?
2, 11, 101, 191
List the prime factors of 304422.
2, 3, 113, 449
List the prime factors of 2283289.
71, 32159
List the prime factors of 185368.
2, 17, 29, 47
List the prime factors of 20472186.
2, 3, 7, 181, 2693
What are the prime factors of 425633?
13, 29, 1129
List the prime factors of 549528.
2, 3, 7, 3271
List the prime factors of 4460034.
2, 3, 743339
What are the prime factors of 3470457?
3, 1156819
What are the prime factors of 2107655?
5, 11, 38321
List the prime factors of 1252495.
5, 250499
What are the prime factors of 283610?
2, 5, 79, 359
What are the prime factors of 270974?
2, 11, 109, 113
What are the prime factors of 3972519?
3, 193, 2287
List the prime factors of 428247.
3, 17, 311
List the prime factors of 308852.
2, 77213
List the prime factors of 2236938.
2, 3, 11, 33893
List the prime factors of 805333.
805333
What are the prime factors of 377129?
377129
What are the prime factors of 126155?
5, 23, 1097
List the prime factors of 483279.
3, 161093
What are the prime factors of 443832?
2, 3, 18493
List the prime factors of 140212.
2, 35053
What are the prime factors of 204148?
2, 7, 23, 317
What are the prime factors of 185934?
2, 3, 7, 19, 233
List the prime factors of 1220633.
23, 73, 727
What are the prime factors of 202374?
2, 3, 11243
List the prime factors of 1566667.
29, 89, 607
List the prime factors of 16049919.
3, 1409, 3797
What are the prime factors of 1082860?
2, 5, 29, 1867
What are the prime factors of 1368578?
2, 684289
List the prime factors of 16777703.
19, 83, 10639
List the prime factors of 585783.
3, 11, 61, 97
List the prime factors of 3071568.
2, 3, 89, 719
What are the prime factors of 360307?
360307
List the prime factors of 443747.
457, 971
What are the prime factors of 12507605?
5, 11, 19, 11969
What are the prime factors of 5380303?
5380303
List the prime factors of 29145638.
2, 29, 113, 4447
List the prime factors of 23501245.
5, 4700249
What are the prime factors of 130117?
13, 10009
What are the prime factors of 7378458?
2, 3, 1229743
What are the prime factors of 324497?
324497
List the prime factors of 5985764.
2, 127, 11783
List the prime factors of 287782.
2, 11, 103, 127
List the prime factors of 6557191.
6557191
List the prime factors of 15249226.
2, 7624613
What are the prime factors of 88446?
2, 3, 14741
List the prime factors of 546684.
2, 3, 45557
List the prime factors of 1262808.
2, 3, 17539
List the prime factors of 1987142.
2, 97, 10243
What are the prime factors of 1010388?
2, 3, 84199
What are the prime factors of 15800698?
2, 7900349
What are the prime factors of 184403?
61, 3023
What are the prime factors of 8327988?
2, 3, 29, 2659
List the prime factors of 606426.
2, 3, 53, 1907
What are the prime factors of 14413086?
2, 3, 266909
What are the prime factors of 45965?
5, 29, 317
List the prime factors of 1822335.
3, 5, 31, 3919
List the prime factors of 391103.
391103
List the prime factors of 4166186.
2, 173, 12041
List the prime factors of 5484156.
2, 3, 457013
What are the prime factors of 235233?
3, 59, 443
What are the prime factors of 5911025?
5, 101, 2341
List the prime factors of 199114.
2, 29, 3433
List the prime factors of 2404343.
1123, 2141
List the prime factors of 1906415.
5, 7, 54469
List the prime factors of 234920.
2, 5, 7, 839
What are the prime factors of 609331?
17, 73, 491
List the prime factors of 557637.
3, 269, 691
List the prime factors of 1886673.
3, 83, 7577
What are the prime factors of 468344?
2, 58543
What are the prime factors of 705838?
2, 7, 50417
List the prime factors of 597077.
13, 3533
List the prime factors of 1456893.
3, 53959
List the prime factors of 3324522.
2, 3, 554087
List the prime factors of 17975630.
2, 5, 17, 41, 2579
What are the prime factors of 253988?
2, 7, 47, 193
List the prime factors of 159460.
2, 5, 7, 17, 67
What are the prime factors of 387260?
2, 5, 17, 67
List the prime factors of 72915.
3, 5, 4861
List the prime factors of 3590782.
2, 13, 138107
What are the prime factors of 825205?
5, 165041
List the prime factors of 6224596.
2, 7, 131, 1697
What are the prime factors of 69549?
3, 97, 239
List the prime factors of 616643.
616643
What are the prime factors of 1884723?
3, 499, 1259
What are the prime factors of 6479566?
2, 3239783
What are the prime factors of 737002?
2, 7, 61, 863
List the prime factors of 284442.
2, 3, 47407
What are the prime factors of 17277824?
2, 347, 389
List the prime factors of 64415.
5, 13, 991
What are the prime factors of 1260901?
1260901
What are the prime factors of 5487807?
3, 13, 223, 631
List the prime factors of 86224.
2, 17, 317
What are the prime factors of 13130118?
2, 3, 729451
List the prime factors of 2205653.
19, 29, 4003
What are the prime factors of 543156?
2, 3, 45263
List the prime factors of 15926674.
2, 19, 283, 1481
What are the prime factors of 1120842?
2, 3, 73, 853
What are the prime factors of 233790?
2, 3, 5, 7793
What are the prime factors of 5806369?
5806369
List the prime factors of 389300.
2, 5, 17, 229
List the prime factors of 13325719.
11, 383, 3163
List the prime factors of 2191590.
2, 3, 5, 8117
List the prime factors of 3105722.
2, 1552861
What are the prime factors of 407393?
7, 58199
What are the prime factors of 451536?
2, 3, 23, 409
What are the prime factors of 857912?
2, 11, 9749
List the prime factors of 86788.
2, 13, 1669
List the prime factors of 425151.
3, 97, 487
List the prime factors of 2999135.
5, 109, 5503
List the prime factors of 6582183.
3, 109, 20129
What are the prime factors of 579896?
2, 173, 419
List the prime factors of 9444653.
19, 53, 83, 113
List the prime factors of 28489662.
2, 3, 1582759
List the prime factors of 1274670.
2, 3, 5, 4721
List the prime factors of 296396.
2, 74099
List the prime factors of 203216.
2, 13, 977
What are the prime factors of 200731?
200731
What are the prime factors of 3327518?
2, 29, 103, 557
List the prime factors of 412218.
2, 3, 22901
List the prime factors of 2059333.
373, 5521
List the prime factors of 6127320.
2, 3, 5, 51061
What are the prime factors of 385539?
3, 7, 11, 1669
What are the prime factors of 300549?
3, 100183
List the prime factors of 8649231.
3, 37, 67, 1163
List the prime factors of 1768822.
2, 11, 37, 41, 53
What are the prime factors of 58160?
2, 5, 727
List the prime factors of 3753644.
2, 29, 32359
List the prime factors of 412894.
2, 206447
What are the prime factors of 100838?
2, 127, 397
What are the prime factors of 258156?
2, 3, 71, 101
List the prime factors of 696850.
2, 5, 7, 11, 181
List the prime factors of 2405371.
59, 691
What are the prime factors of 12983103?
3, 7, 206081
List the prime factors of 20769379.
20769379
List the prime factors of 3405865.
5, 17, 2357
What are the prime factors of 943473?
3, 314491
What are the prime factors of 575533?
7, 82219
What are the prime factors of 439629?
3, 146543
What are the prime factors of 356063?
23, 113, 137
What are the prime factors of 517839?
3, 7, 24659
What are the prime factors of 174325?
5, 19, 367
What are the prime factors of 6240907?
127, 157, 313
What are the prime factors of 68777?
68777
What are the prime factors of 750538?
2, 19, 19751
List the prime factors of 3901438.
2, 61, 113, 283
List the prime factors of 493455.
3, 5, 67, 491
